st the prime factors of 22683820.
2, 5, 647, 1753
What are the prime factors of 2476432374?
2, 3, 13, 19, 173, 743
What are the prime factors of 451603692?
2, 3, 12544547
List the prime factors of 3667661928.
2, 3, 7, 157, 46351
What are the prime factors of 158916486?
2, 3, 1303, 20327
What are the prime factors of 1274852860?
2, 5, 63742643
What are the prime factors of 38867791?
523, 74317
List the prime factors of 5706590980.
2, 5, 31, 296909
What are the prime factors of 27749710?
2, 5, 2774971
List the prime factors of 4451206188.
2, 3, 11, 13, 235813
What are the prime factors of 37797088?
2, 7, 168737
List the prime factors of 246985533.
3, 587, 46751
List the prime factors of 2618924617.
107, 4787, 5113
List the prime factors of 291438572.
2, 72859643
List the prime factors of 27800666.
2, 13900333
What are the prime factors of 965606135?
5, 13, 31, 479209
What are the prime factors of 2325288757?
11, 103, 2052329
What are the prime factors of 815437900?
2, 5, 8154379
What are the prime factors of 901319012?
2, 11, 20484523
List the prime factors of 165965265.
3, 5, 3688117
What are the prime factors of 81640916?
2, 7, 29, 3467
List the prime factors of 21478462.
2, 53, 202627
What are the prime factors of 3828507957?
3, 157, 903163
What are the prime factors of 766231004?
2, 7, 11, 17, 61, 2399
List the prime factors of 63155474.
2, 113, 2473
What are the prime factors of 16021836?
2, 3, 467, 953
List the prime factors of 231809174.
2, 53, 2186879
List the prime factors of 329866923.
3, 19, 71, 81509
List the prime factors of 1412592322.
2, 17, 1949, 21317
What are the prime factors of 992969406?
2, 3, 11, 13, 41, 97
What are the prime factors of 48101097?
3, 11, 941, 1549
List the prime factors of 31241352.
2, 3, 29, 44887
List the prime factors of 1392908271.
3, 101, 211, 21787
List the prime factors of 83589279.
3, 27863093
What are the prime factors of 112393317?
3, 157, 238627
List the prime factors of 34136258.
2, 13, 293, 4481
List the prime factors of 910290008.
2, 113786251
List the prime factors of 555715995.
3, 5, 23, 1610771
What are the prime factors of 3064775545?
5, 13, 47150393
List the prime factors of 71345883.
3, 7, 3397423
List the prime factors of 50114747.
50114747
What are the prime factors of 67689388?
2, 13, 1301719
List the prime factors of 188161006.
2, 11, 137, 163, 383
What are the prime factors of 16396647?
3, 5465549
What are the prime factors of 969499190?
2, 5, 11, 223, 3593
What are the prime factors of 1276746752?
2, 1246823
List the prime factors of 648507311.
53, 89, 137483
What are the prime factors of 77851007?
13, 17, 352267
What are the prime factors of 237715751?
7, 13, 809, 3229
What are the prime factors of 78438246?
2, 3, 31, 421711
List the prime factors of 216326408.
2, 23, 1175687
List the prime factors of 41099933.
7, 37, 89, 1783
What are the prime factors of 371721855?
3, 5, 29, 854533
What are the prime factors of 454051836?
2, 3, 7, 257399
What are the prime factors of 54251512?
2, 7, 79, 12263
What are the prime factors of 446441526?
2, 3, 1481, 16747
List the prime factors of 2741497636.
2, 41, 83, 201403
List the prime factors of 101923414.
2, 50961707
What are the prime factors of 109630536?
2, 3, 211, 21649
List the prime factors of 4696956765.
3, 5, 9533, 10949
What are the prime factors of 1980567644?
2, 11, 29, 1552169
What are the prime factors of 99211918?
2, 13, 3815843
List the prime factors of 171321743.
171321743
What are the prime factors of 2703393156?
2, 3, 89, 2531267
List the prime factors of 3491682187.
7, 23, 1873, 11579
What are the prime factors of 178060442?
2, 7, 12718603
List the prime factors of 54175525.
5, 2167021
What are the prime factors of 2237581209?
3, 31, 24060013
List the prime factors of 2158928684.
2, 11, 49066561
What are the prime factors of 2548182?
2, 3, 7, 13, 359
What are the prime factors of 1342179521?
4799, 279679
What are the prime factors of 7963865215?
5, 41, 38848123
List the prime factors of 975629191.
975629191
List the prime factors of 3890200362.
2, 3, 648366727
List the prime factors of 53181945.
3, 5, 907, 1303
List the prime factors of 140913457.
140913457
List the prime factors of 310665074.
2, 31, 5010727
List the prime factors of 624491807.
31, 1901, 10597
What are the prime factors of 80059141?
19, 4213639
What are the prime factors of 1748466556?
2, 541, 827, 977
List the prime factors of 175666871.
47, 3737593
List the prime factors of 3584800641.
3, 773, 1545839
What are the prime factors of 29293359?
3, 61, 160073
List the prime factors of 45552765.
3, 5, 23, 29, 157
List the prime factors of 274355233.
274355233
What are the prime factors of 933958107?
3, 37, 109, 953
List the prime factors of 1107913305.
3, 5, 743, 99409
What are the prime factors of 65869028?
2, 37, 619, 719
What are the prime factors of 3116989080?
2, 3, 5, 269, 10729
List the prime factors of 2177919918.
2, 3, 41, 617, 4783
List the prime factors of 40405738.
2, 97, 208277
What are the prime factors of 2944029486?
2, 3, 23, 43, 547, 907
What are the prime factors of 538476497?
13, 41421269
What are the prime factors of 292176353?
7, 109, 167, 2293
What are the prime factors of 863662851?
3, 773, 41381
List the prime factors of 33932967.
3, 11310989
What are the prime factors of 1020464195?
5, 204092839
List the prime factors of 18267305.
5, 7, 521923
What are the prime factors of 7037850076?
2, 43, 40917733
List the prime factors of 16739751.
3, 7, 797131
List the prime factors of 54814587.
3, 4211, 4339
List the prime factors of 3606458289.
3, 7, 43, 389, 10267
List the prime factors of 41727931.
7, 43, 157, 883
What are the prime factors of 734405598?
2, 3, 1657, 24623
What are the prime factors of 858617725?
5, 7, 17, 257, 1123
List the prime factors of 429094630.
2, 5, 42909463
List the prime factors of 59642664.
2, 3, 17, 8599
List the prime factors of 18483588.
2, 3, 367, 1399
What are the prime factors of 6787136234?
2, 1637, 2073041
List the prime factors of 28253905.
5, 5650781
What are the prime factors of 3834308778?
2, 3, 919, 695377
What are the prime factors of 13165493?
11, 1196863
What are the prime factors of 306318512?
2, 17, 73, 15427
What are the prime factors of 80001580?
2, 5, 4000079
What are the prime factors of 1473888221?
13, 3889, 29153
List the prime factors of 124569261.
3, 3539, 3911
List the prime factors of 157663083.
3, 17, 19, 563
List the prime factors of 1708461481.
1708461481
What are the prime factors of 5428659233?
19, 285718907
What are the prime factors of 612451992?
2, 3, 2083, 12251
What are the prime factors of 107871608?
2, 13, 67, 113, 137
What are the prime factors of 31042684?
2, 7760671
List the prime factors of 2701059.
3, 19, 47387
What are the prime factors of 145604354?
2, 7, 17, 443, 1381
What are the prime factors of 2206634705?
5, 11, 40120631
What are the prime factors of 73332880?
2, 5, 29, 73, 433
List the prime factors of 4108033743.
3, 11, 37, 163, 20641
What are the prime factors of 236026576?
2, 89, 165749
What are the prime factors of 18348020?
2, 5, 23, 39887
What are the prime factors of 69924940?
2, 5, 19, 184013
What are the prime factors of 677768519?
3019, 224501
What are the prime factors of 1614739?
7, 389, 593
What are the prime factors of 573924903?
3, 191308301
List the prime factors of 109782911.
7, 15683273
List the prime factors of 13190960.
2, 5, 23, 67, 107
List the prime factors of 69383776.
2, 7, 11, 29, 971
List the prime factors of 135385127.
17, 19, 349, 1201
What are the prime factors of 102609914?
2, 11, 4664087
What are the prime factors of 139926992?
2, 8745437
What are the prime factors of 86691597?
3, 127, 227537
What are the prime factors of 2938435336?
2, 79, 1289, 3607
What are the prime factors of 35321860?
2, 5, 7, 157, 1607
List the prime factors of 2788903335.
3, 5, 83, 2240083
What are the prime factors of 35791872?
2, 3, 61, 191
What are the prime factors of 20373336?
2, 3, 94321
What are the prime factors of 3421902303?
3, 23, 16530929
List the prime factors of 1359717.
3, 453239
What are the prime factors of 6697247?
467, 14341
What are the prime factors of 300725422?
2, 283, 487, 1091
What are the prime factors of 173642519?
499, 347981
L